est common factor of g and a.
18
Let g(p) = p**2 + 26*p - 2. Let l be g(-26). Let a be 14/(-2*l/6). Suppose 0 = 4*k + m - 261 - 163, 8 = 2*m. What is the highest common divisor of a and k?
21
Let k be 2*6 - (19 + -17). Suppose k*y - 310 = -0*y. What is the greatest common factor of y and 589?
31
Suppose 2*n + 1 = 41. Let k = 0 + n. Let u(t) = 41*t + 2233. Let g be u(-53). Calculate the greatest common divisor of k and g.
20
Suppose 11361*d - 34 = 11360*d. What is the highest common divisor of 425 and d?
17
Let i = 112 + -28. Let q = i + -63. What is the greatest common divisor of 3 and q?
3
Let u(f) = -f**3 + 16*f**2 + 2*f - 30. Let q be u(16). What is the highest common factor of 49 and q?
1
Let f be (2 + 152/12)*(30 + (-11 - -8)). Calculate the greatest common factor of f and 180.
36
Let v = 144 + -113. Suppose 7 = 19*n - v. Suppose 9 = -4*l + 97. Calculate the highest common divisor of l and n.
2
Let y(u) = 14*u**2 + u + 1. Let w be y(-1). Suppose 8*f = f + 1134. Let g = f - 8. Calculate the highest common factor of g and w.
14
Let n = -1766 + 1916. What is the greatest common factor of 325 and n?
25
Let i be 92/(-10) + 9 + (-1323)/(-15). Suppose -4*p + i = k, 2*k + 55 = -12*p + 15*p. What is the highest common divisor of 147 and p?
21
Let h(q) = 9*q - 15. Let p be h(7). Suppose 0 = 7*w - 3*w - p. Suppose -2*g + 40 - w = 0. What is the highest common divisor of 42 and g?
14
Suppose 10*g - 9*g + 13 = 27. Calculate the highest common factor of 2898 and g.
14
Suppose -u - 3 = -7, -2*u = -4*b + 3556. Calculate the highest common factor of 3321 and b.
81
Let g = -77 + 104. Suppose 3*h - 3*s = 49 - 1, 2*h - g = s. What is the greatest common factor of h and 319?
11
Let p = -307 - -305. Let o(g) = -2*g + 0*g - 6*g + 8 + 2. Let k be o(p). Calculate the greatest common divisor of k and 104.
26
Suppose 0 = -l - 4*v + 148, -2*v - 221 = -2*l + 25. What is the greatest common divisor of l and 512?
128
Suppose -12097 + 13132 = 23*k. Let n be 1150/(-7) + (-2)/(-7). Let z be 2/(-6) + n/(-6). Calculate the greatest common divisor of z and k.
9
Suppose -983 = -4*v + 3*x, -3*v = -3*x + 8*x - 759. Calculate the highest common divisor of v and 8804.
124
Let c be 72/15*100/(-15). Let z(s) = s**2 + 32*s + 42. Let y be z(c). What is the highest common divisor of 12 and y?
6
Suppose -p = -r - 15724, 4*p + 258*r = 257*r + 62926. What is the highest common divisor of p and 13?
13
Let r(f) = -33*f**2 - 562*f + 18. Let o be r(-17). What is the greatest common factor of o and 8?
1
Let j = -281 + 199. Let m = -78 - j. Suppose -5*n + 3*n = -m. Calculate the highest common divisor of n and 3.
1
Let t be (-30)/(-12 + (-1395)/(-120)). Calculate the highest common factor of 430 and t.
10
Let g(s) = 3*s + 8. Let v be g(9). Suppose 5*z + h + 1 = 0, -2*h + 3*h - 5 = z. Let n be (-380)/(z - 0) + 1 + 4. What is the greatest common factor of n and v?
35
Let f = -103 - -149. Let u be ((-4)/6)/(335/(-439185)). Calculate the highest common factor of u and f.
46
Let g = -1742 + 3002. Let f be (1428/120 + -12)*-24 - (-2)/(-5). Suppose 9*s = f*s + g. What is the highest common factor of 30 and s?
30
Let w be 0/14*(-2)/(-6). Let p(o) be the first derivative of -o**4/4 - o**3/3 + 69*o - 1. Let x be p(w). What is the greatest common factor of 23 and x?
23
Let f = 51 + -29. Let w(z) = -z**3 + 3*z**2 + z + 3. Let g be w(3). Let i = f - g. What is the highest common factor of 112 and i?
16
Let q = 731 - 578. Suppose -2*h + 59*x - 55*x = -38, 5*h - 155 = -5*x. Calculate the greatest common divisor of q and h.
9
Suppose l + l = 0. Let p(d) = -d**3 + d**2 + 2*d + 50. Let y be p(l). Calculate the greatest common factor of y and 10.
10
Let f = 1144 + -795. Let j = f - 151. What is the highest common factor of j and 22?
22
Let c = 19 - -15. Suppose 5*u = -2*x - 7, -125 = x + 3*u - 120. Calculate the greatest common factor of x and c.
2
Suppose 7*z - 10*z - 5*o + 64 = 0, z - 28 = -5*o. Let w(x) = 7 - 11 - 11 + 4*x. Let k be w(6). Calculate the greatest common factor of z and k.
9
Let k be -8 - -107 - (-21 + 25). What is the highest common divisor of 4617 and k?
19
Suppose 4*t - 1568 = -p, p - 1176 = -4*t + t. Suppose 0 = -60*s + 118 + 148 + 214. Calculate the highest common factor of s and t.
8
Suppose 0 = -55*z + 17*z + 22724. Let l be (-8)/124 + (-39984)/(-868). What is the highest common divisor of l and z?
46
Let d(f) = 3*f**3 + 2*f**2 + 6*f - 10. Let z be d(4). Let p be (340/60)/((-2)/(-12)). Calculate the greatest common factor of p and z.
34
Let t be (616/(-231))/((-2)/(-3)). Let a be (58 - t) + 8 + -5. Calculate the greatest common factor of a and 39.
13
Let b = 528 + -526. Let u = 13 - -18. Suppose -4*s = 11 - u. Calculate the highest common factor of s and b.
1
Suppose 2*o - 965 = -5*v, 9*v - 5*v + 2*o = 770. What is the greatest common factor of v and 2379?
39
Let m be 22/6 + (-2)/(-6). Let y(k) = k**3 + k**2 - 6*k + 4. Let u be y(m). Let l = 3350 - 3310. Calculate the highest common divisor of u and l.
20
Suppose 0 = -4*r + o + 16277, -3736 = 3*r + 4*o - 15939. Calculate the highest common factor of 13 and r.
13
Let t be 8/28 - 6/(168/(-1588)). Let b be t/(-19) - 24*-3. What is the greatest common divisor of b and 184?
23
Let t(x) = x**3 + 14*x**2 + 4*x - 16. Let r be t(-13). Let k = 120 - r. What is the highest common factor of 38 and k?
19
Suppose -935*w + 919*w + 1904 = 0. What is the highest common factor of 14 and w?
7
Let j be (1629/81 + -19)*(-27)/(-6). Let u(l) = -55*l - 5. Let b be u(-4). Calculate the greatest common divisor of b and j.
5
Suppose -4*m + 1279*i + 256 = 1283*i, m = 2*i + 64. What is the greatest common divisor of 4064 and m?
32
Let a = 400 - 340. Suppose 41*l - a = 36*l. What is the highest common divisor of l and 42?
6
Let a be 1/3 + (-184)/(-6) + -5. Suppose 3*j + 6*w - 2*w - 31 = 0, 4*w - a = -2*j. Suppose 0*q + 150 = j*q. What is the highest common factor of 6 and q?
6
Let d(f) = -35*f + 2. Let v be d(-4). Let l be -7 + v - 15/(3/(-1)). Calculate the greatest common divisor of 80 and l.
20
Suppose 5*c + 15 = b, b - 4*b = -4*c - 23. Let r(g) = 2*g**3 - 2*g**2 - 14*g + 13. Let k be r(b). Calculate the greatest common factor of 39 and k.
13
Suppose 2*w - 467 = -2*c + 29, 280 = w + 5*c. Let x(t) = -6*t**3 - 6*t**2. Let o be x(-4). Calculate the highest common factor of w and o.
48
Let l(j) = j**3 - 20*j**2 - 40*j - 80. Let u be l(22). Suppose 2*p = 2*f - 1708, 4*p = -24 + u. What is the greatest common factor of f and 17?
17
Let y = -3741 + 3753. Let z(s) = 133*s - 1. Let f be z(1). Calculate the highest common divisor of f and y.
12
Let a = -96 + 8. Let c = a - -160. Let u(v) = -5*v**2 - 44*v - 24. Let l be u(-8). Calculate the greatest common divisor of l and c.
8
Suppose 17545 = -16*o - 2503. Let c = 1981 + o. What is the highest common factor of 56 and c?
56
Let j(i) = 42*i + 39*i + 117*i + 0*i. Let t be 104/78*6/8. Let p be j(t). Calculate the highest common factor of p and 22.
22
Let t(z) be the third derivative of -5*z**4/8 + 2*z**3 - 81*z**2. Let w be t(0). What is the highest common divisor of 252 and w?
12
Let x(y) = 0*y + 5386 + y**2 - 5483 + 6*y. Let q be x(-15). What is the highest common divisor of q and 171?
19
Suppose 15 = 5*j - 0*j. Let p(o) = -3 - 2 + 9*o + 4*o**2 - 4*o + 3 + 0*o. Let b be p(j). What is the greatest common divisor of b and 49?
49
Let i be -1 + -5 - (852 + -10)*-3. Let k be 1*(-11)/((-88)/i). What is the highest common divisor of k and 45?
45
Let w(k) = -k**3 + 22*k**2 - 36*k - 73. Suppose 5*p + 44*c - 40*c - 96 = 0, -p + 24 = -4*c. Let t be w(p). Calculate the highest common divisor of 511 and t.
7
Let s = -1415 + 961. Let a = 484 + s. What is the highest common divisor of 1470 and a?
30
Suppose 424 = -3*a + 211. Let z = 136 + a. Calculate the highest common divisor of 104 and z.
13
Suppose -3*h + 2542 = -2*q - 4400, -h = -5*q - 2275. What is the highest common factor of 551 and h?
29
Suppose -20*m + 44*m = -35*m + 118. What is the greatest common factor of m and 872?
2
Let k = 3808 + -2842. What is the greatest common factor of 63 and k?
21
Let i(y) = 12 + 11*y + 20 - 10. Let q be i(7). What is the greatest common divisor of q and 18?
9
Suppose l = 5*t - 9, 0*l - 2*l = 4*t - 24. Let q(x) = -8*x - 2. Let n be q(-10). Suppose